 941
List the prime factors of 1419117.
3, 7, 67577
What are the prime factors of 23423020?
2, 5, 89, 13159
What are the prime factors of 4250076?
2, 3, 149, 2377
What are the prime factors of 14404703?
2671, 5393
What are the prime factors of 421670?
2, 5, 149, 283
What are the prime factors of 4968041?
13, 47, 173
List the prime factors of 10013489.
661, 15149
What are the prime factors of 2410588?
2, 602647
List the prime factors of 4831766.
2, 857, 2819
List the prime factors of 951964.
2, 13, 18307
What are the prime factors of 152540?
2, 5, 29, 263
List the prime factors of 474334.
2, 7, 17, 1993
List the prime factors of 249753.
3, 7, 1699
What are the prime factors of 237943?
277, 859
List the prime factors of 284271.
3, 13, 37, 197
List the prime factors of 8920833.
3, 2973611
What are the prime factors of 83363?
7, 11909
What are the prime factors of 179387?
13, 13799
List the prime factors of 172123.
7, 67, 367
What are the prime factors of 20200408?
2, 683, 3697
What are the prime factors of 1958095?
5, 391619
List the prime factors of 5780.
2, 5, 17
What are the prime factors of 1045646?
2, 7, 19, 3931
What are the prime factors of 201816?
2, 3, 2803
What are the prime factors of 4747171?
11, 13, 89, 373
List the prime factors of 254150.
2, 5, 13, 17, 23
List the prime factors of 15713520.
2, 3, 5, 233, 281
What are the prime factors of 237911?
237911
List the prime factors of 5709619.
41, 157, 887
List the prime factors of 367199.
7, 52457
What are the prime factors of 83039?
11, 7549
What are the prime factors of 27490828?
2, 41, 167627
What are the prime factors of 3306498?
2, 3, 13, 42391
List the prime factors of 4200064.
2, 11, 19, 157
List the prime factors of 35189670.
2, 3, 5, 349, 3361
List the prime factors of 832817.
211, 3947
List the prime factors of 1876564.
2, 469141
What are the prime factors of 11282813?
43, 262391
List the prime factors of 243526.
2, 121763
List the prime factors of 9750247.
13, 750019
List the prime factors of 695344.
2, 13, 3343
What are the prime factors of 2405146?
2, 107, 11239
What are the prime factors of 4008?
2, 3, 167
What are the prime factors of 18378926?
2, 109, 84307
What are the prime factors of 3405296?
2, 29, 41, 179
What are the prime factors of 20458948?
2, 5114737
List the prime factors of 2932638.
2, 3, 23, 79, 269
List the prime factors of 5379649.
11, 479, 1021
What are the prime factors of 10286454?
2, 3, 1714409
What are the prime factors of 3179745?
3, 5, 19, 3719
What are the prime factors of 7801755?
3, 5, 13, 40009
What are the prime factors of 183854?
2, 11, 61, 137
What are the prime factors of 176640?
2, 3, 5, 23
List the prime factors of 960791.
13, 73907
List the prime factors of 163701.
3, 43, 47
List the prime factors of 956395.
5, 11, 17389
What are the prime factors of 34843162?
2, 17421581
What are the prime factors of 7626497?
293, 26029
What are the prime factors of 4077428?
2, 1019357
What are the prime factors of 1673005?
5, 41, 8161
List the prime factors of 17215191.
3, 7, 263, 1039
List the prime factors of 9110668.
2, 7, 23, 43, 47
What are the prime factors of 27452264?
2, 7, 19, 25801
What are the prime factors of 1019460?
2, 3, 5, 13, 1307
What are the prime factors of 1148811?
3, 569, 673
What are the prime factors of 134066?
2, 67033
What are the prime factors of 841733?
331, 2543
List the prime factors of 2344730.
2, 5, 234473
List the prime factors of 4582177.
4582177
List the prime factors of 10254.
2, 3, 1709
What are the prime factors of 304242?
2, 3, 50707
What are the prime factors of 36684461?
11, 43, 77557
List the prime factors of 22394484.
2, 3, 7, 88867
List the prime factors of 262282.
2, 199, 659
List the prime factors of 18555400.
2, 5, 19, 257
What are the prime factors of 1383996?
2, 3, 29, 41, 97
What are the prime factors of 176058?
2, 3, 9781
What are the prime factors of 11217992?
2, 1402249
List the prime factors of 2064084.
2, 3, 11, 19, 823
What are the prime factors of 333783?
3, 37087
What are the prime factors of 404650?
2, 5, 8093
List the prime factors of 199160.
2, 5, 13, 383
What are the prime factors of 963417?
3, 7, 13, 3529
List the prime factors of 440278.
2, 29, 7591
List the prime factors of 31239235.
5, 29, 215443
What are the prime factors of 32091853?
1741, 18433
What are the prime factors of 1051345?
5, 283, 743
List the prime factors of 185368.
2, 17, 29, 47
List the prime factors of 17981979.
3, 5993993
List the prime factors of 830051.
830051
What are the prime factors of 3805958?
2, 13, 146383
What are the prime factors of 891845?
5, 107, 1667
List the prime factors of 2557863.
3, 7, 11, 3691
What are the prime factors of 241632?
2, 3, 839
What are the prime factors of 884108?
2, 19, 11633
List the prime factors of 22576060.
2, 5, 13, 31, 2801
What are the prime factors of 688449?
3, 17, 13499
List the prime factors of 59530.
2, 5, 5953
What are the prime factors of 172820?
2, 5, 8641
What are the prime factors of 21751943?
29, 59, 12713
List the prime factors of 301306.
2, 79, 1907
List the prime factors of 197753.
197753
List the prime factors of 3443739.
3, 13, 88301
What are the prime factors of 96925?
5, 3877
List the prime factors of 1177141.
7, 337, 499
What are the prime factors of 933462?
2, 3, 51859
List the prime factors of 3436688.
2, 347, 619
List the prime factors of 268423.
181, 1483
List the prime factors of 5741594.
2, 29, 98993
List the prime factors of 96616.
2, 13, 929
What are the prime factors of 3780622?
2, 163, 11597
List the prime factors of 4267154.
2, 839, 2543
List the prime factors of 222753.
3, 41, 1811
What are the prime factors of 1593430?
2, 5, 79, 2017
What are the prime factors of 96935?
5, 19387
What are the prime factors of 20281?
17, 1193
List the prime factors of 169409.
169409
List the prime factors of 291709.
11, 23, 1153
What are the prime factors of 307551?
3, 31, 3307
List the prime factors of 889347.
3, 521, 569
What are the prime factors of 717226?
2, 358613
List the prime factors of 3325808.
2, 109, 1907
What are the prime factors of 1969218?
2, 3, 36467
List the prime factors of 15676.
2, 3919
What are the prime factors of 593334?
2, 3, 7, 17, 277
What are the prime factors of 7786040?
2, 5, 61, 3191
What are the prime factors of 1525974?
2, 3, 254329
What are the prime factors of 33278?
2, 7, 2377
List the prime factors of 567885.
3, 5, 17, 131
List the prime factors of 1396884.
2, 3, 59, 1973
List the prime factors of 1214008.
2, 263, 577
List the prime factors of 416919.
3, 31, 4483
List the prime factors of 725143.
487, 1489
What are the prime factors of 2104544?
2, 13, 5059
List the prime factors of 49260.
2, 3, 5, 821
What are the prime factors of 209140?
2, 5, 10457
What are the prime factors of 4068555?
3, 5, 29, 47, 199
What are the prime factors of 22308946?
2, 11, 29, 73, 479
List the prime factors of 31412305.
5, 53, 113, 1049
List the prime factors of 1784108.
2, 251, 1777
What are the prime factors of 2533315?
5, 506663
What are the prime factors of 6506847?
3, 722983
List the prime factors of 10417823.
13, 801371
List the prime factors of 124106.
2, 62053
What are the prime factors of 5337570?
2, 3, 5, 7, 3631
List the prime factors of 18623388.
2, 3, 7, 221707
List the prime factors of 541918.
2, 13, 19, 1097
What are the prime factors of 1021847?
163, 6269
What are the prime factors of 229709?
29, 89
List the prime factors of 3562561.
3562561
What are the prime factors of 12054801?
3, 11, 365297
List the prime factors of 7447978.
2, 41, 61, 1489
What are the prime factors of 72866?
2, 36433
What are the prime factors of 514816?
2, 2011
List the prime factors of 136404.
2, 3, 421
List the prime factors of 137660.
2, 5, 6883
List the prime factors of 187420.
2, 5, 9371
List the prime factors of 1798046.
2, 19, 47317
List the prime factors of 170403.
3, 79, 719
List the prime factors of 11063336.
2, 257, 5381
List the prime factors of 128637.
3, 14293
List the prime factors of 4045780.
2, 5, 202289
List the prime factors of 22899844.
2, 11, 520451
List the prime factors of 1335325.
5, 31, 1723
List the prime factors of 662535.
3, 5, 14723
List the prime factors of 360866.
2, 11, 47, 349
What are the prime factors of 787501?
11, 13, 55